Suppose -b = -3*k - k. What is the units digit of k?
5
Let c(w) = w - 1. Let k be c(4). Suppose 9 = -k*a + 2*a. Let f = 40 + a. What is the tens digit of f?
3
Let k = -171 + 656. What is the hundreds digit of k?
4
Let x(c) = -650*c + 119. What is the tens digit of x(-2)?
1
Suppose -2*b + 5 - 17 = 4*i, 3*b - 2*i = -2. Let w be (-646)/(-14) + b/14. What is the units digit of -4 + 5/(5/w)?
2
Let l(o) be the first derivative of -o - 2/3*o**3 + 2*o**2 + 1/4*o**4 - 2. What is the units digit of l(3)?
0
Suppose 4*y = 5*n - 7484, y + 1533 = n + 37. What is the thousands digit of n?
1
Suppose 2*u - 5 = -51. Let b = -19 - u. Suppose b*n = 8, -7*i + 226 = -3*i + 5*n. What is the units digit of i?
4
Let s(i) = 32*i + 448. What is the units digit of s(40)?
8
Suppose -34*a = -17*a - 15130. What is the tens digit of a?
9
Let r(g) = 52*g + 8. Let s be r(4). Suppose h - 4 = 0, -3*i + 0*h - 3*h = -s. What is the tens digit of i?
6
Suppose -4*s = d - 310, 41*s + 5 = 36*s. What is the tens digit of d?
1
What is the hundreds digit of (-1818)/(-8) - (-21)/(-84)?
2
Let r(t) = t**3 + 8*t**2 + 12. Let j be r(-8). Let z(y) = -y**2 - 3*y + 2. Let x be z(-3). Suppose 2*g + x*g - j = 0. What is the units digit of g?
3
Suppose -6*v + 183 = -363. Suppose -v + 19 = -3*j. What is the units digit of j?
4
Let x(f) = -10*f**2 + 12*f + 7. Let h be x(6). Let c = -195 - h. What is the units digit of c?
6
What is the hundreds digit of (-30343)/(-17) - (-90)/765?
7
Let j(m) = m**3 + 6*m**2 + 4*m. Let u be j(-2). Suppose u*o - 2*o = 210. What is the tens digit of o?
3
Suppose 0*p + 2*p + 2 = 0, -4*p = -5*c + 1999. What is the tens digit of c?
9
Let w be (-1)/((-3)/9) + 0. Suppose 3*m - 156 = -3*t, 0 = -w*t - 6*m + m + 160. What is the units digit of t?
0
Suppose 0 = p - 2. Suppose -3 = p*m - 15. Suppose 9*s - 24 = m*s. What is the units digit of s?
8
Let m be (4 + -3)/((-3)/(-765)). Suppose -4*r = -2*z - 0*r + 120, r + m = 5*z. Let s = z + -22. What is the units digit of s?
8
Let t be (5/(-15) + 5/6)*-2. What is the units digit of -171*((-16)/12 - t)?
7
What is the tens digit of (-3 - 3)*(4 + (-448)/3)?
7
Let h = -19 - -25. Suppose -h*j + 1 = -5*j. What is the units digit of j?
1
Let i(w) be the second derivative of -w**5/60 + w**4/24 - w**3/2 - w. Let q(s) be the second derivative of i(s). What is the units digit of q(-2)?
5
Let j(w) = 3*w + 7. Let r be j(2). Suppose 12*l = 11*l + r. What is the units digit of l?
3
Let k = -11 + 19. Let o(v) = -v**2 + 9*v + 2. Let l be o(k). What is the tens digit of (-20)/(-1) + (l - 13)?
1
Suppose -1298 = -5*m + 3*m. Let a = m + -348. What is the hundreds digit of a?
3
Suppose -3*x + x - 2 = -4*o, 3*o + 9 = 5*x. Suppose -3*w - 3*p + 0*p + 15 = 0, w = 4*p + 30. Suppose -w = -x*v + 20. What is the units digit of v?
0
Suppose 4*v + 835 = 227. Let f = v - -228. What is the units digit of f?
6
Let f = -1971 + 4445. What is the tens digit of f?
7
Let a(f) = 2*f - 5. Let b be a(3). Suppose 2*x = i + b, 5 = -x + 2*x + i. Suppose 2*l - x = 20. What is the tens digit of l?
1
Let l be 0/(3 - (-4 - -8)). Suppose l*p - 6*p - 24 = 0. Let o = p - -11. What is the units digit of o?
7
Let u = -309 + 573. Let w = -157 + u. What is the units digit of w?
7
Let m be (-35)/14*(-8)/10. Suppose m*q - 17 = r, q + 2*r - 13 = -2*r. What is the units digit of q?
9
Let o(z) = 69*z - 4. Let y be o(2). Suppose -92 = -3*t - 5*j, y = 4*t - 0*t + j. What is the tens digit of t?
3
Suppose 2*a - 3125 = 3*r, 198*r - 194*r = -a + 1546. What is the hundreds digit of a?
5
Let n = -8723 + 12431. What is the units digit of n?
8
What is the units digit of 8416/(-28)*3/(-12)*14?
2
Let c(y) be the first derivative of -y**4/12 - 13*y**3/6 + 11*y**2/2 - y - 1. Let t(w) be the first derivative of c(w). What is the units digit of t(-12)?
3
What is the hundreds digit of 426/4 + 11/((-176)/(-24))?
1
Suppose 5*l - 3 = 17. Suppose x - l = -2. Suppose -x*d + d - 80 = -5*t, 110 = 5*t + 5*d. What is the units digit of t?
7
Let k be 0*5/10 - -6. Let h = k + 0. Suppose 70 = -5*v + h*v. What is the units digit of v?
0
Let f(x) be the second derivative of x**3/2 + x**2 + 10*x. What is the tens digit of f(12)?
3
Suppose -3*w + 16 = -5*p, 5*p + w + 5 = -3. What is the tens digit of ((-1 - 44) + -2)/(p/6)?
4
Suppose g - 5*q = -0*q + 267, q = 3. What is the hundreds digit of g?
2
What is the thousands digit of ((3 - 16)/((-3)/393))/1?
1
Let s = 3 - 1. Suppose 0 = -s*g + 3 + 7. Suppose -g*b + b = -68. What is the units digit of b?
7
Suppose 0*k = -2*k + r + 16, 0 = -4*k + 5*r + 26. Let t = 8 - k. Let j(p) = 17*p**2 - 2*p - 1. What is the units digit of j(t)?
8
Suppose -l + c = -934, -l - 4*c = 382 - 1341. What is the units digit of l?
9
Let q = 91 - 118. Suppose -3*l + 150 = 3*w, 2*l - 210 = -2*l + w. Let u = q + l. What is the units digit of u?
5
Let a(c) = -6*c - 5. Let u = -15 - -18. Let o(b) = -11*b - 10. Let i(r) = u*o(r) - 5*a(r). What is the units digit of i(-11)?
8
Suppose 0 = -2*s - 3*t + 1229, -5*s + 6*s - 4*t = 598. What is the tens digit of s?
1
Let y(v) = -4*v**2 + 3*v. Let p be y(3). Let r(i) = 11*i**2 - i. Let z be r(-2). Let c = z + p. What is the tens digit of c?
1
Suppose v + 42 = 7*v. Suppose o = -3*f + v*f + 51, -4*o + 2*f + 274 = 0. What is the tens digit of o?
7
What is the units digit of (-1 - -6)*1368/(-10)*-1?
4
Suppose 3*d - 8 = 1. Suppose 2*p + 89 = d*p. What is the tens digit of p?
8
Suppose 0 = 8*w - 20 + 4. Let h(n) = 2*n**2 - 6*n + 2. Let y be h(6). Suppose w*a = y + 10. What is the units digit of a?
4
Let a(x) = 5*x**3 + 10*x**2 + 11*x. What is the hundreds digit of a(5)?
9
Suppose 2*c - 1 - 7 = 0. Let n(m) = 4*m**2 + m - 6. What is the units digit of n(c)?
2
Suppose -26*b + 21*b = 10. What is the units digit of b/9 - 371/(-9)?
1
Suppose -4*c + 3 = 19. What is the units digit of (-2 - -4) + 28 - c?
4
What is the hundreds digit of 13*(96 + 28/4)?
3
Let r(g) = g. Let k be r(-4). What is the units digit of ((-63)/6)/(2/k)?
1
Let y = -59 - -80. Suppose -2*z = 0, n - 2*n + 55 = 4*z. Let x = n - y. What is the units digit of x?
4
Let x(z) = z**3 + 16*z**2 + 14*z + 16. What is the units digit of x(-8)?
6
What is the units digit of (24/(-20))/((-9)/60)?
8
Suppose 4*h - 13 - 39 = -2*w, -3*h + 4*w = -50. Let j = 23 - h. Let r = j + 8. What is the tens digit of r?
1
Let v = -327 - -143. Let s = v - -331. What is the units digit of s?
7
Suppose -4 = 5*v - 9. Let i(a) = a**2 - a + 1. Let k(o) = 7*o**2 - 9*o + 10. Let w(c) = v*k(c) - 5*i(c). What is the tens digit of w(6)?
5
Let g = 878 - 310. What is the units digit of g?
8
Suppose 0*h - j = 3*h - 4086, -4*h + 5458 = -2*j. What is the units digit of h?
3
Let c(a) = 5*a + 5. Let d be c(2). Let n = d - -68. What is the units digit of n?
3
What is the units digit of (-38)/(-8) - (-23)/92 - -4870?
5
Let p be 63/(-42)*(-10)/3. Suppose -4*v = -2*u + 30, p*u + 2*v - 130 = v. What is the tens digit of u?
2
Let p = -12 + 15. Let h be 1*p/(-9)*-15. Suppose q - 35 = -4*t, 2*q - q = -h*t + 37. What is the tens digit of q?
2
Suppose -4*j + 21494 = 7*j. What is the thousands digit of j?
1
What is the hundreds digit of (-422)/((-13)/8 - (-27)/(-72))?
2
Let n be 3/9*(9 - 9). Suppose 0 = t - 2*k - 227, t + 3*k = -n*t + 217. What is the hundreds digit of t?
2
Suppose 2*k = 8*k - 2022. What is the units digit of k?
7
Suppose 5*n - 2163 = 4*t, -6*n = -4*n + 2*t - 858. What is the hundreds digit of n?
4
Suppose -4*b + 7845 = 2*o + 813, 3504 = 2*b + 4*o. What is the thousands digit of b?
1
Suppose 13476 = -5*q + 9*q + 2*a, 3*q - 5*a = 10120. What is the hundreds digit of q?
3
Suppose 0 = 4*w - 2*w - 10. Let m = -44 + 55. Suppose w*k - m = 104. What is the tens digit of k?
2
Let b(w) = -w**3 - 11*w**2 - 8*w - 5. Let v be b(-10). Let y = 22 + v. What is the units digit of ((y - 0)/(-3))/1?
1
Suppose 7*m - 6*m = 549. Suppose -10*l = -801 - m. What is the units digit of l?
5
Suppose -235 = -5*l - 0*l. Let p = 87 - l. What is the tens digit of p?
4
Let k = 2 + 3. Suppose 5*a - 89 - 86 = 4*z, -k*a - z + 150 = 0. What is the tens digit of a?
3
Let i = 47 + -53. What is the tens digit of 5/((-45)/i) + 296/6?
5
Suppose 5*n - 747 = 4*m, 0 = -n + 24*m - 19*m + 141. What is the hundreds digit of n?
1
Suppose 5*w - 7 = 3*a, a - 2 = -a. Suppose -w*s = -3*s + 30. What is the